f + 9899. Suppose -3*d - 3*s = -w, -d + 870 = 2*s - 233. Is d a composite number?
True
Suppose 14 = -4*l + 2*n, -2*l = -2*n + 2 + 4. Let b be ((-4)/(-8))/((-1)/l). Suppose -b*c + 1249 = -c. Is c a composite number?
False
Let v = 8264 - 20573. Is (-2 - -2) + v/((-18)/6) a prime number?
False
Suppose -y = -4*o - 27701, 5*y - 5*o = -3*o + 138433. Let l = y - 19462. Is l a prime number?
False
Let y = -39 - -35. Let q be y/48*3*-4. Is (((-8)/2)/8)/(q/(-3418)) prime?
True
Let a(p) = -266*p**3 + 8*p**2 + 40*p + 65. Is a(-12) a composite number?
True
Let f(w) = -w. Let a be f(0). Let p = a + -38. Let r = p - -97. Is r prime?
True
Let k(c) = -165117*c - 2155. Is k(-6) a composite number?
True
Let h(c) = -328 - c**2 + 0*c**2 + 335 - 4*c. Let z be h(-5). Is ((60764/8)/(-11))/((-1)/z) prime?
True
Suppose 19*z + 32*z - 1634409 = -12*z. Is z a prime number?
True
Suppose 52*s = 1997833 + 1375459. Is s a composite number?
False
Is ((-42288064)/36)/(-16) + (-18)/(-81) composite?
False
Let p(g) = -173772*g**3 - g**2 + 16*g + 18. Is p(-1) composite?
False
Suppose 128 = 5*o - 207. Suppose -5*j = -52 - 28. Let w = j + o. Is w composite?
False
Let k = -55 - -48. Let d(m) = -m - 2. Let q be d(k). Suppose 3*r = -r - 4*c + 1604, 3*c + 2005 = q*r. Is r composite?
False
Let t(f) = 1295*f**2 - 135*f - 635. Is t(60) composite?
True
Suppose 4*g + 4*f = -f + 81, -4*f - 34 = -2*g. Suppose g*t + t = 103900. Is t a composite number?
True
Let t(s) = -3*s**2 + 46*s - 11. Let p be t(15). Suppose -p*a = w + 2*w - 655, -5*w = 3*a - 494. Is a prime?
True
Suppose 0*w - 6*w + 11232 = 0. Suppose -3*p - 5*z + w = -2*z, 2*p - 5*z - 1262 = 0. Let v = 1723 - p. Is v a composite number?
False
Let h = -48 - -53. Suppose h*g = 1545 + 2890. Suppose -2*m = -m - g. Is m composite?
False
Let d(r) = 2661*r + 4358. Is d(105) a composite number?
False
Let b(p) = 3888*p**2 + 56*p - 167. Is b(3) composite?
True
Suppose -y + 40352 = 3*p, 2*y - 236*p + 237*p - 80689 = 0. Is y prime?
True
Let a be (-7 + 32/4)/(2/1622). Let o = a - 238. Is o a composite number?
True
Let v(r) = -2348*r + 61. Let z be v(-24). Suppose -2*t + 5*c + 37596 = 0, 47*t + z = 50*t + 2*c. Is t a prime number?
True
Suppose -4*d + 185 = 3*x, -2*x - 148 - 89 = -5*d. Let j = d - 19. Is 6/4 - (-19586)/j prime?
True
Let s = 235217 + -155178. Is s a composite number?
False
Suppose -5*r + 0*r = 5*o - 95, -5*r = o - 83. Suppose -5*g - r = -g. Is g/(-14) - 141570/(-42) prime?
True
Suppose 540*j - 506*j = 7319486. Is j prime?
True
Suppose 0 = -3*y + 2*m + 6, -4*y = 5*m - 8 - 0. Suppose 3*z + 0*j - j = -1106, 5*z + 1844 = j. Is (0 - z)/3 + (-8)/y composite?
True
Let k = -4249 + 11650. Let j = k - 1156. Is j prime?
False
Suppose 34*f = 32*f + 25*f - 3351399. Is f a composite number?
True
Is (-826)/(-118)*(196/1 - (0 + -3)) prime?
False
Suppose -547596 = -12*h + 82320. Is h a composite number?
True
Let z(n) = 12*n**2 - 5*n - 13. Let b = -43 + 53. Is z(b) a composite number?
True
Let x(w) = -5*w - 35. Let m be x(-8). Suppose -2*p + 10717 = 3*l, m*p + 3561 = -5*l + 6*l. Is l prime?
True
Let w = -89 - -89. Suppose w = 5*d - u - 4*u + 3555, -4*u - 1446 = 2*d. Let g = -178 - d. Is g composite?
True
Suppose 0 = -87*w + 84*w + 1332219. Is w a prime number?
False
Is 0/(12/6) + (29793 - -16) a prime number?
False
Let a = -142 - -140. Let k be ((4/3)/a)/(64/(-5664)). Suppose -k*x = -58*x - 767. Is x a composite number?
True
Is 3 + 15902 + 10 + (-14 - 2) a composite number?
True
Let i = 10 - 10. Suppose i = -8*w + 13*w. Suppose 4*k - 600 = 4*d, w*d - d - 746 = -5*k. Is k a composite number?
False
Suppose -10*k = -4*k - 18. Suppose -k*i = 4*s - 5099, -3*s + 3*i - 1417 + 5215 = 0. Is s a composite number?
True
Suppose -3*i = 2*m + 18, -16*i + 3*m - 24 = -12*i. Is (1/i)/(2/(-49524)) a composite number?
False
Let f be (-3388215)/(-24) - (1 + (-33)/24). Suppose 13*x + f = 21*x. Is x prime?
False
Suppose 25 = -9*r + 4*r. Is (-1)/(r/25) + 918 a prime number?
False
Is (-1 - (16449 - 6))/(-42 + 40) a prime number?
False
Suppose -27*a - 60565 = 27185. Let d = 231 - a. Is d a prime number?
False
Let s(p) = 2*p + 40. Let w be s(-14). Let a be -5 - -2*w/8. Is ((-1)/(-6)*a)/((-17)/4539) a composite number?
False
Let m(t) = -11*t**2 + t + 140717. Is m(0) composite?
False
Let n(t) = -10*t**3 - 29*t**2 + 7*t - 4. Let z be n(-13). Let r = z + -6675. Is r a composite number?
True
Let x(i) be the first derivative of i**4/4 + 2*i**3/3 - 5*i**2 - 17*i - 46. Is x(6) composite?
False
Let x = 12406 - 4013. Suppose 10086 = 17*l - x. Is l prime?
True
Suppose 0 = -10353*c + 10337*c + 1424816. Is c composite?
False
Suppose -45*z + 24 = -37*z. Suppose -z*i - 18395 = -4*n, -9170 = -0*n - 2*n - 4*i. Is n prime?
False
Let i(h) = 613599*h**2 + 189*h - 191. Is i(1) composite?
False
Suppose 14697 = -3*f - 5*q + 138799, -165480 = -4*f + 4*q. Is f composite?
True
Suppose 0 = -3*h - 17234 + 6596. Let x = 1620 + h. Let u = -1111 - x. Is u a composite number?
True
Suppose -243851032 = -429*u + 79912265. Is u composite?
True
Suppose 351*p = 304*p + 34875383 + 47983032. Is p prime?
False
Let p be (-4)/14 + 180/42. Is 0 - 5900/(-4) - p prime?
True
Let d(y) = y**3 - y**2 - 7*y + 7. Let b be d(3). Suppose -3*a = -0*v + b*v - 2856, -3*v - 5*a = -2131. Is v prime?
False
Let d = 650 - 121. Is d composite?
True
Suppose 31*q = 301133 + 2152207. Suppose -36*w + 24*w = -q. Is w a composite number?
True
Let s = -46 - -47. Suppose -7*m - s = -15. Suppose m*k = -3*k + 7195. Is k prime?
True
Let v be 2394/84*(2 - (-22)/1). Suppose 685*o - 223 = v*o. Is o composite?
False
Suppose -3*k = -20*i + 24*i - 389923, 0 = 3*k + i - 389920. Is k prime?
False
Suppose t - 164 = -5*c, c + t = -4*t + 28. Is ((-1906)/6)/((-11)/c) a composite number?
False
Let h(z) be the first derivative of 46*z**3 + 19*z**2/2 - 61*z + 238. Is h(8) a prime number?
True
Suppose 7*j = -553 - 28. Suppose 190 = -3*m - 818. Let n = j - m. Is n a prime number?
False
Let n = 1447756 - 794117. Is n prime?
False
Let z = -126667 - -228729. Is z composite?
True
Suppose 2*t = 4*o + 6, -3*o + 4*t = -0*o + 12. Suppose -2*s - s - 2*c - 10170 = o, 4*s + 5*c = -13567. Let z = -1655 - s. Is z a prime number?
True
Suppose 304 = -2*a + 268. Let o(j) = 11*j**2 + 19*j + 49. Is o(a) a prime number?
True
Suppose 2*p + 3*j + 45 = 1162, 3*p = 2*j + 1643. Suppose -10*v = -8*v - 2106. Let a = v - p. Is a a prime number?
False
Suppose 7*i - 73 = 25. Is 14046/14 - i/49 composite?
True
Suppose 5*d - 5*n + 45 + 20 = 0, 0 = 3*n - 9. Let o(v) = 53 + 18*v**2 - 12 - 10*v + 14*v. Is o(d) composite?
False
Suppose s + 40003 = r + 6332, -3*s - 33683 = -r. Is r prime?
False
Let x = 522157 - 245664. Is x composite?
True
Suppose -5*l + 10 = 0, -5*s - 1473*l + 692145 = -1468*l. Is s prime?
True
Let c be (-1 + 1)*2/(-4). Suppose -p - g + 5972 = c, 0 = -5*p + 4*g - 11679 + 41530. Is p a prime number?
False
Suppose 2*a = q - 10053, -16674 = -3*q + a + 13500. Let u = q - 6412. Is u a prime number?
False
Let k = -71045 + 247434. Is k a composite number?
False
Let d(u) = u**3 + 15*u**2 + 28*u + 32. Let v be d(-13). Suppose 5*h - 261705 = -5*m, -5*m + v*m = 2*h - 104676. Is h prime?
False
Suppose -4*u - 14520 - 27200 = 0. Let q = -5809 - u. Is q prime?
True
Let s = 1688 + -1686. Suppose 0 = 4*x - 3*z + 6*z - 1348, -5*z = -3*x + 1040. Suppose -1482 + x = -s*n. Is n a prime number?
True
Let d = -8189 - -15866. Suppose 9*f = -0*f + d. Is f composite?
False
Let i = -207536 - -458869. Is i a prime number?
False
Let u(g) = -2*g**3 - 267*g**2 - 56*g - 744. Is u(-155) prime?
False
Let g(s) = 1168*s + 195. Is g(14) composite?
False
Suppose 39*o = t + 29*o - 171641, 858067 = 5*t - 4*o. Is t a prime number?
False
Let c(y) = 31 + y**2 + 8 + 17*y + 5*y**2. Suppose -60*z + 35*z + 400 = 0. Is c(z) prime?
True
Suppose -5*g = -4*g - 3385. Let m = -2372 + g. Suppose 0 = -4*f - 1 + m. Is f composite?
True
Suppose -3*i + 93087 = -u, -4*i + 14879 = -4*u - 109237. Is i composite?
True
Suppose 192*d = 3553246 + 4403810. Is d a prime number?
True
Let h(z) = 3*z + 20. Let k be h(-9). Let j be (33/k - (-6)/(-21))/(-1). Suppose m - 739 = -2*s, 3*s - j*m = -2*m + 1122. Is s a composite number?
True
Let s(g) = -341*g - 6. Let d be s(-4). Let i = -904 + 381. Let j = d + i. Is j a composite number?
True
Suppose 150 = 58*